he remainder when 32812 is divided by 1723?
75
Calculate the remainder when 7005 is divided by 1167.
3
What is the remainder when 12643 is divided by 10?
3
What is the remainder when 39513 is divided by 608?
601
Calculate the remainder when 36913 is divided by 116.
25
Calculate the remainder when 32324 is divided by 8080.
4
Calculate the remainder when 38573 is divided by 118.
105
What is the remainder when 1082669 is divided by 15?
14
What is the remainder when 791534 is divided by 11?
7
Calculate the remainder when 5802 is divided by 215.
212
Calculate the remainder when 16474 is divided by 659.
658
Calculate the remainder when 27213 is divided by 21.
18
Calculate the remainder when 8879 is divided by 2802.
473
Calculate the remainder when 1262 is divided by 83.
17
What is the remainder when 12589 is divided by 19?
11
Calculate the remainder when 22809 is divided by 62.
55
What is the remainder when 115473 is divided by 4809?
57
Calculate the remainder when 1005522 is divided by 344.
10
Calculate the remainder when 10253 is divided by 2034.
83
Calculate the remainder when 5324 is divided by 1063.
9
What is the remainder when 4512 is divided by 118?
28
Calculate the remainder when 2143475 is divided by 54.
53
What is the remainder when 554 is divided by 159?
77
What is the remainder when 7125 is divided by 789?
24
Calculate the remainder when 7526 is divided by 1481.
121
What is the remainder when 2246 is divided by 118?
4
What is the remainder when 2284 is divided by 35?
9
What is the remainder when 8573 is divided by 4276?
21
What is the remainder when 598167 is divided by 299073?
21
Calculate the remainder when 247302 is divided by 121.
99
What is the remainder when 13090 is divided by 166?
142
What is the remainder when 3605 is divided by 1197?
14
Calculate the remainder when 49025 is divided by 190.
5
What is the remainder when 21960 is divided by 2440?
0
What is the remainder when 1657560 is divided by 466?
464
What is the remainder when 9524 is divided by 4745?
34
Calculate the remainder when 64486 is divided by 41.
34
Calculate the remainder when 102434 is divided by 264.
2
Calculate the remainder when 2752 is divided by 2454.
298
Calculate the remainder when 24557 is divided by 22.
5
Calculate the remainder when 1082729 is divided by 1097.
1087
What is the remainder when 7042 is divided by 1172?
10
Calculate the remainder when 38771 is divided by 359.
358
Calculate the remainder when 1546 is divided by 489.
79
Calculate the remainder when 852746 is divided by 1196.
1194
Calculate the remainder when 166250 is divided by 28.
14
What is the remainder when 252283 is divided by 51?
37
Calculate the remainder when 7071 is divided by 2335.
66
What is the remainder when 6574637 is divided by 16?
13
Calculate the remainder when 5438 is divided by 134.
78
Calculate the remainder when 14729 is divided by 127.
124
Calculate the remainder when 363508 is divided by 593.
592
Calculate the remainder when 10414 is divided by 1465.
159
What is the remainder when 434379 is divided by 318?
309
Calculate the remainder when 12109 is divided by 96.
13
What is the remainder when 34196 is divided by 114?
110
Calculate the remainder when 21595 is divided by 122.
1
Calculate the remainder when 211684 is divided by 26460.
4
What is the remainder when 57272 is divided by 29?
26
Calculate the remainder when 340856 is divided by 39.
35
What is the remainder when 8533 is divided by 40?
13
Calculate the remainder when 127093 is divided by 111.
109
What is the remainder when 7471 is divided by 413?
37
What is the remainder when 6316 is divided by 1017?
214
Calculate the remainder when 2012 is divided by 988.
36
What is the remainder when 31566 is divided by 1749?
84
What is the remainder when 3897 is divided by 1934?
29
What is the remainder when 24215 is divided by 1613?
20
What is the remainder when 34475 is divided by 42?
35
What is the remainder when 11924 is divided by 576?
404
Calculate the remainder when 2579 is divided by 38.
33
What is the remainder when 1076 is divided by 58?
32
Calculate the remainder when 10418 is divided by 1496.
1442
What is the remainder when 27007 is divided by 171?
160
What is the remainder when 550 is divided by 210?
130
What is the remainder when 418 is divided by 262?
156
What is the remainder when 13440 is divided by 313?
294
What is the remainder when 2120024 is divided by 575?
574
Calculate the remainder when 20370 is divided by 10158.
54
What is the remainder when 240863 is divided by 1147?
1140
Calculate the remainder when 3545 is divided by 177.
5
What is the remainder when 243688 is divided by 328?
312
What is the remainder when 347827 is divided by 1870?
7
Calculate the remainder when 2538 is divided by 117.
81
What is the remainder when 19089 is divided by 618?
549
Calculate the remainder when 52091 is divided by 218.
207
What is the remainder when 53280 is divided by 2663?
20
What is the remainder when 8641071 is divided by 13?
10
Calculate the remainder when 320 is divided by 66.
56
Calculate the remainder when 65909 is divided by 65.
64
Calculate the remainder when 569253 is divided by 12.
9
What is the remainder when 16563 is divided by 1380?
3
Calculate the remainder when 7173 is divided by 148.
69
What is the remainder when 32531 is divided by 1355?
11
What is the remainder when 34979 is divided by 362?
227
What is the remainder when 7297 is divided by 3186?
925
Calculate the remainder when 2529 is divided by 839.
12
Calculate the remainder when 225364 is divided by 375.
364
What is the remainder when 20919 is divided by 298?
59
Calculate the remainder when 25939 is divided by 48.
19
What is the remainder when 4597 is divided by 394?
263
What is the remainder when 1114 is divided by 282?
268
What is the remainder when 25503 is divided by 206?
165
Calculate the remainder when 249216 is divided by 247.
240
Calculate the remainder when 77713 is divided by 25902.
7
Calculate the remainder when 9295 is divided by 489.
4
Calculate the remainder when 1643 is divided by 419.
386
Calculate the remainder when 5217 is divided by 403.
381
What is the remainder when 316 is divided by 19?
12
Calculate the remainder when 77197 is divided by 200.
197
What is the remainder when 9082 is divided by 3021?
19
Calculate the remainder when 785 is divided by 167.
117
Calculate the remainder when 198751 is divided by 639.
22
Calculate the remainder when 334737 is divided by 105.
102
Calculate the remainder when 17120 is divided by 551.
39
What is the remainder when 407229 is divided by 96?
93
What is the remainder when 10937 is divided by 4?
1
What is the remainder when 71709 is divided by 83?
80
What is the remainder when 7699 is divided by 17?
15
What is the remainder when 13517 is divided by 101?
84
What is the remainder when 5902 is divided by 1815?
457
What is the remainder when 556690 is divided by 276?
274
What is the remainder when 1585 is divided by 1542?
43
Calculate the remainder when 3690 is divided by 348.
210
What is the remainder when 677 is divided by 604?
73
What is the remainder when 30809 is divided by 540?
29
Calculate the remainder when 95856 is divided by 249.
240
What is the remainder when 68971 is divided by 86?
85
Calculate the remainder when 5108 is divided by 552.
140
What is the remainder when 30079 is divided by 1378?
1141
What is the remainder when 301065 is divided by 66?
39
Calculate the remainder when 2122 is divided by 1013.
96
What is the remainder when 15996 is divided by 5331?
3
Calculate the remainder when 174415 is divided by 157.
145
What is the remainder when 11420 is divided by 224?
220
What is the remainder when 2827 is divided by 1208?
411
Calculate the remainder when 2757 is divided by 16.
5
Calculate the remainder when 12758 is divided by 2906.
1134
Calculate the remainder when 5968 is divided by 2958.
52
What is the remainder when 9694 is divided by 118?
18
Calculate the remainder when 18289 is divided by 572.
557
What is the remainder when 51478 is divided by 180?
178
What is the remainder when 2275 is divided by 1800?
475
What is the remainder when 9586 is divided by 57?
10
Calculate the remainder when 1400246 is divided by 81.
80
What is the remainder when 55023 is divided by 69?
30
Cal